-3*a + 2. Let x be (81/(-270))/(k/(-2))*-90. What is the highest common factor of x and 522?
18
Let y = 47 - 33. Let h(k) = 32*k - 26. Let j be h(-5). Let i = -32 - j. Calculate the highest common factor of i and y.
14
Suppose 890 + 1020 = 5*y - 2*o, 3*y + 4*o = 1120. Calculate the highest common divisor of 1596 and y.
76
Let o(n) = -n + 14. Let k(t) = -2*t**2 - 59*t + 37. Let g be k(-30). Let u be o(g). Calculate the highest common divisor of u and 77.
7
Suppose 0 = 327*a - 101*a - 2868859 - 471647. Calculate the highest common divisor of 39 and a.
39
Let j(b) = b**2 + 27*b - 886. Let f be j(-47). What is the highest common factor of f and 5238?
54
Let v be -91 + 77 - 114/(-1). Calculate the highest common divisor of v and 720.
20
Suppose 3*b + 538 = 3*s + 106, -3*s = 4*b - 453. Suppose -721*x + 728*x = s. What is the greatest common factor of 28 and x?
7
Suppose -13*f = -w - 10*f + 40, -4*w + 3*f + 88 = 0. What is the greatest common factor of 7408 and w?
16
Suppose -l + 3*k + 276 = 51, k - 625 = -3*l. Let u(w) = -6*w + 3. Let g be u(-3). Suppose 11*p + l = g*p. Calculate the greatest common factor of 84 and p.
21
Let k = 18232 - 18076. What is the greatest common factor of k and 247?
13
Let q = -26 + 47. Suppose -133*k + 21*k + 49896 = -58*k. What is the highest common divisor of q and k?
21
Let z(h) = 155*h - 23. Let t be z(6). Let m = 1417 - t. Suppose 6*f = m + 114. Calculate the greatest common factor of f and 26.
26
Suppose -106*f + 102*f + 16 = 0. Let j(s) = s**2 + 5*s. Let c be j(-5). Let t be -3 + c + 29 + f. Calculate the highest common divisor of 15 and t.
15
Let v be (((-964)/(-5))/(-2))/((-44)/220). Let p = v - 459. Calculate the greatest common factor of 713 and p.
23
Let s(f) = 69*f - 97. Let p be s(3). Let c = -2 + p. Calculate the greatest common factor of 81 and c.
27
Suppose 2*r - 42 = 4*n, -n = -4*r - 32 + 151. Suppose r = -f - 4*a, 4*f + 56 = a - 0*a. Let k = 28 + f. Calculate the highest common divisor of 117 and k.
13
Let n(j) = 3*j + 48. Let o be n(-16). Suppose 5*m + r - 82 = o, m - 17 = 3*r + 9. Calculate the greatest common divisor of 748 and m.
17
Let y = -422 - -749. Calculate the greatest common divisor of 218 and y.
109
Let l be (-6)/(-15) - (-108)/(-45) - -1036. What is the highest common factor of l and 752?
94
Let i(s) = 43*s**3 - 10*s**2 + 25*s - 16. Let r be i(2). Calculate the highest common factor of 325 and r.
13
Suppose 0 = 2*n - 5*x - 9461, 4*n + 3*x - 20597 = -1610. What is the greatest common factor of 102 and n?
51
Suppose 5*v + 11*v - 1144 = -120. What is the highest common divisor of v and 3032?
8
Let c be (0 - (-4320)/(-5))/((-3)/2). Let f = 756 - c. What is the highest common divisor of 60 and f?
60
Suppose -21*y - 98 + 384 = -722. Calculate the greatest common divisor of 1968 and y.
48
Let t = -16 - -20. Suppose -119 = -3*q + t*g, 0 = g + 6 - 4. What is the highest common divisor of 407 and q?
37
Let u = 577 - 552. Suppose -42*p = -u*p - 119. Calculate the greatest common factor of p and 189.
7
Suppose 3*j = -b + 11, -2*b - 2 = -3*j + 3. Let o = 133 - 118. Let w(p) = -p**2 + 13*p + 34. Let l be w(o). What is the greatest common factor of j and l?
1
Suppose w - 4*w = 5*v - 15, 0 = -w + 3*v + 5. Suppose 0 = -w*s + 922 + 233. Suppose -s = -3*o + 495. Calculate the highest common divisor of o and 22.
22
Let b(o) = -31*o + 110. Let f be b(4). Let v(u) = -10*u + 55. Let r be v(f). Let c be (-1*3)/(1/(-26)). What is the highest common factor of r and c?
39
Suppose 4*t - 270 - 366 = 3*z, 3*t - 5*z = 466. Calculate the greatest common divisor of 198 and t.
18
Suppose 28*q = 51*q - 552. Calculate the highest common factor of 996 and q.
12
Let f(h) = -2 + 5*h**2 + 6*h**2 + 2*h + 3*h**3 - 11*h**2. Suppose 2 = 6*x - 10. Let r be f(x). Calculate the highest common divisor of 52 and r.
26
Suppose -4*d - 7*d = -1239 - 70. Calculate the greatest common divisor of 527 and d.
17
Suppose -2*r = -14*r + 960. Let o be 18 + (24*-2)/6. Calculate the greatest common factor of o and r.
10
Suppose 272*w = 259*w - 1560. Let p be 3/(-32)*-4 - 17115/w. What is the highest common divisor of p and 11?
11
Suppose g - 11 - 18 = 0. Let x be (423/(-2) + 1)/((-12)/96). Suppose x - 524 = 8*u. What is the greatest common factor of u and g?
29
Suppose 517 + 184 - 121 = 58*d. Suppose 4*n = 138 - 18. What is the greatest common divisor of d and n?
10
Let z = 9060 + -8735. What is the greatest common divisor of z and 442?
13
Let j be (2 - 6) + 19 + -3. Suppose -7*f + j*f - 5*x = 35, 15 = 2*f - x. Let g = -42 - -106. What is the highest common divisor of f and g?
8
Let b = 7 - 2. Suppose 0 = b*q - 4*q - 32. Let p(r) = -6*r**3 - 3*r - 1. Let k be p(-1). Calculate the highest common factor of k and q.
8
Let y be (-26)/(-22) + -1 + 74200/2332. Suppose 0 = 24*t - y*t + 8. What is the greatest common factor of t and 25?
1
Let l = 136 + 368. Let x = l - 479. Calculate the greatest common factor of x and 325.
25
Let y = 3752 + -910. Calculate the greatest common divisor of y and 49.
49
Let d(l) = -l + 11. Let r be d(5). Let z(b) be the second derivative of b**3/6 + b**2 + 82*b. Let i be z(r). Calculate the highest common factor of 8 and i.
8
Suppose -3*b = -158*s + 161*s - 2178, 3*b - 5*s - 2210 = 0. What is the highest common factor of b and 20?
10
Suppose 0 = c - 7*k - 4122, 67*k = c + 69*k - 4086. Calculate the greatest common divisor of c and 23.
23
Let g = 74 - 61. Let r(t) = -t**3 + 11*t**2 + 27*t + 30. Let c be r(g). What is the highest common divisor of c and 43?
43
Suppose -3*b = -g - 207, -5*g = b - 74 - 27. What is the greatest common factor of 1207 and b?
71
Let u(y) = y + 25. Let r be u(-24). Let a = -7 - -11. Suppose -s + a*g + 1 = 0, 2*s - 4*g - 9 - 1 = 0. What is the greatest common factor of r and s?
1
Let g be 36/8*(-2 - 4/(-3)). Let l be g*((-14)/(-21) + -151 + 1). Calculate the greatest common divisor of l and 14.
14
Let a = 7 + -3. Let q(s) = -55*s - 4 - 33 - 21. Let t be q(-2). What is the highest common factor of t and a?
4
Let b = 6 + -2. Suppose 4*s = -b*d + 4712, -3538 = -3*d + s - 2*s. Suppose 4*g + 25 = -g, 2*g = 5*n - d. What is the highest common divisor of n and 26?
26
Suppose -6 = 5*c - 5*m - 86, -5*c + 120 = 3*m. Suppose -18*z + 50 = 13*z - 415. Calculate the highest common factor of z and c.
3
Let g = 45 - 45. Suppose 4*j + g*j + n = 21, 4*j = 4*n - 4. Suppose 0 = 2*c - 18 - j. Calculate the highest common factor of c and 1.
1
Suppose 0 = 64*d + 91*d - 135*d - 98460. Calculate the greatest common divisor of 18 and d.
9
Suppose -516 - 2884 = 4*r - 5*r. Calculate the greatest common divisor of r and 40.
40
Suppose 4*j - 9 = j. Let a be (-3)/(3/(-4)*4). Let w be 15 - 6 - (-2 - a). Calculate the highest common divisor of w and j.
3
Let h(u) = 2*u**2 + 15*u - 21. Let m(t) = -5*t**2 - 32*t + 41. Let o(l) = -7*h(l) - 3*m(l). Let f be o(9). What is the greatest common divisor of f and 36?
12
Let u = -448 + 459. Suppose 0 = -d - 3*i + 90, 16*i - 100 = -d + u*i. Calculate the greatest common divisor of 30 and d.
15
Suppose -9*g = 2*d - 7*g - 8860, -9*d = -4*g - 39883. What is the highest common factor of d and 21?
21
Let j(s) = 5*s**2 - 13*s - 40. Let a be j(-7). Let p = -283 + a. What is the greatest common divisor of 637 and p?
13
Suppose -3*q + 6*q - 375 = 0. Suppose -l - 120 = -5*o, -119*l + 121*l = 10. What is the highest common divisor of q and o?
25
Let t be 26*(-57)/8*(-40)/(-90)*-3. Let i be 2/6 - (-168)/9. Calculate the highest common factor of i and t.
19
Let r(l) = l**3 - 15*l**2 - 6*l - 10. Let x be r(16). Suppose 579 + 430 = 5*w + 3*i, 3*w + 3*i - 609 = 0. What is the highest common divisor of x and w?
50
Let r be (-3 - 21) + (-165 - -221). What is the highest common factor of r and 20?
4
Let b be 6/(-144) - (-3688510)/1104. Calculate the greatest common divisor of b and 78.
13
Suppose 666 + 424 = -5*h. Let p = 245 + h. What is the greatest common factor of p and 36?
9
Let t(k) = 2819*k + 17007. Let i be t(-6). What is the greatest common factor of 18414 and i?
93
Let c(y) = -22*y - 1534. Let k be c(-70). Let f = -29 + 50. What is the highest common factor of k and f?
3
Suppose 439*n + 24197 = 82145. Calculate the highest common factor of n and 2398.
22
Let c(p) = p + 9. Let j be c(0). Let y be 390/25